n factor of 1571622 and 192.
6
What is the highest common factor of 426243 and 37647?
141
Calculate the greatest common divisor of 80 and 1083080.
40
Calculate the greatest common factor of 3132716 and 7634.
694
What is the highest common factor of 28120376 and 232?
8
Calculate the highest common divisor of 55590 and 293420.
170
What is the greatest common divisor of 436 and 9963254?
218
What is the greatest common factor of 11566653 and 987?
987
Calculate the greatest common factor of 3951647 and 168.
7
Calculate the highest common divisor of 480718 and 1498.
14
What is the highest common divisor of 14122467 and 9?
9
Calculate the greatest common factor of 1355 and 34209685.
1355
What is the highest common factor of 174 and 50189952?
174
Calculate the greatest common divisor of 4914 and 1236465594.
4914
What is the greatest common divisor of 99331623 and 108?
27
Calculate the highest common divisor of 2 and 2872666.
2
Calculate the highest common factor of 26474 and 4846478.
434
Calculate the greatest common factor of 391 and 5334689.
23
What is the highest common factor of 78519558 and 3189?
3189
Calculate the greatest common factor of 6719474 and 87.
29
Calculate the highest common divisor of 18 and 520101522.
18
What is the greatest common divisor of 2585 and 14061245?
55
What is the greatest common divisor of 82969 and 1364697?
2861
Calculate the highest common factor of 2303 and 1144732.
47
Calculate the greatest common divisor of 776853 and 7182.
1197
What is the highest common divisor of 96525 and 6285?
15
What is the highest common factor of 18125 and 1122445?
145
What is the highest common factor of 770 and 525910?
770
Calculate the greatest common factor of 920 and 384856240.
920
What is the greatest common divisor of 56164 and 1108500?
2956
Calculate the greatest common divisor of 187519 and 121243.
263
Calculate the greatest common factor of 22950 and 257050.
50
What is the greatest common factor of 24939931 and 2518179?
14227
What is the greatest common divisor of 2476478 and 30683?
61
Calculate the highest common divisor of 760808973 and 391.
391
Calculate the highest common divisor of 83025 and 10.
5
Calculate the highest common factor of 31498 and 7394.
2
Calculate the greatest common factor of 6115 and 3895.
5
What is the greatest common divisor of 93955 and 48229505?
2185
Calculate the highest common factor of 3324900 and 80.
20
Calculate the greatest common factor of 18231 and 748707.
309
Calculate the highest common factor of 60237 and 444636.
621
Calculate the greatest common factor of 86661 and 7083.
9
What is the highest common divisor of 10584870 and 4744424?
15014
What is the greatest common factor of 9166430 and 5733?
637
Calculate the greatest common factor of 57320024 and 8.
8
What is the highest common factor of 2377508 and 149527?
287
What is the greatest common factor of 848855223 and 9?
9
What is the highest common divisor of 605 and 69578146?
121
What is the highest common factor of 9173 and 229114021?
9173
Calculate the highest common factor of 566500262 and 62.
62
What is the highest common divisor of 23426 and 329236?
106
What is the greatest common divisor of 19684864 and 1408?
128
What is the greatest common divisor of 12905 and 5777435?
445
Calculate the greatest common divisor of 748 and 3581809.
11
What is the highest common factor of 532 and 36253112?
28
Calculate the greatest common factor of 4783684 and 8.
4
Calculate the highest common factor of 2408820 and 18240.
1140
Calculate the highest common factor of 3082508 and 12716.
748
What is the highest common divisor of 4096 and 343328?
32
What is the highest common factor of 417220 and 1840?
460
Calculate the highest common divisor of 1066 and 16663712.
1066
What is the greatest common divisor of 319475 and 50050?
325
What is the highest common factor of 466403330 and 170?
170
Calculate the greatest common divisor of 361712430 and 20.
10
What is the highest common divisor of 85951250 and 3619?
3619
What is the greatest common divisor of 150 and 470175?
75
Calculate the highest common divisor of 2613 and 1427904.
201
Calculate the highest common divisor of 25158 and 2266616.
1198
What is the greatest common divisor of 27513745 and 65170?
1715
What is the greatest common divisor of 25634 and 57582?
14
What is the highest common divisor of 15599699 and 993?
331
Calculate the highest common divisor of 18075 and 112425.
75
What is the highest common divisor of 2050395 and 1215?
15
Calculate the highest common divisor of 6250 and 723500.
250
What is the greatest common factor of 12441 and 770666?
13
What is the highest common factor of 624 and 20354880?
624
What is the greatest common factor of 12876136 and 403?
13
What is the highest common divisor of 3091628 and 84?
4
What is the highest common factor of 4492985 and 4949?
707
What is the highest common divisor of 60804 and 97962?
3378
Calculate the greatest common factor of 27600 and 432100.
100
What is the highest common factor of 1780 and 228666988?
356
What is the highest common divisor of 19893762 and 3402?
1134
What is the greatest common divisor of 16610 and 2010440?
10
What is the greatest common divisor of 111780 and 1786180?
460
Calculate the highest common divisor of 494032 and 1584.
176
Calculate the highest common divisor of 15237502 and 42.
14
What is the highest common divisor of 304064092 and 2692?
2692
What is the greatest common divisor of 605360 and 32195?
235
What is the highest common divisor of 6263344 and 56?
8
Calculate the highest common divisor of 5362 and 994.
14
What is the highest common factor of 2126001 and 3?
3
What is the highest common factor of 1021 and 31690819?
1021
What is the greatest common divisor of 15 and 943645?
5
What is the greatest common divisor of 6341 and 209491?
17
What is the highest common factor of 606 and 12608234?
202
Calculate the greatest common factor of 4108935 and 15.
15
What is the greatest common factor of 37632 and 131552?
32
Calculate the greatest common divisor of 392613 and 3861.
39
Calculate the highest common divisor of 13436717 and 28.
7
Calculate the greatest common factor of 1017571 and 346847.
2297
Calculate the highest common divisor of 153 and 46621514.
17
Calculate the greatest common divisor of 166117107 and 727701.
15483
Calculate the greatest common divisor of 3770464 and 136.
136
Calculate the highest common factor of 2277793 and 546.
7
Calculate the greatest common factor of 24075375 and 4123.
589
Calculate the greatest common divisor of 2670 and 29761155.
1335
Calculate the highest common factor of 712 and 413637112.
712
What is the highest common divisor of 7163351 and 104?
13
Calculate the highest common divisor of 53 and 132682744.
53
What is the greatest common factor of 6700 and 5844276?
268
Calculate the highest common divisor of 67540 and 205722.
22
What is the greatest common factor of 427887369 and 386?
193
Calculate the greatest common factor of 1298280 and 16403.
349
Calculate the highest common factor of 16169235 and 645.
15
Calculate the greatest common factor of 333878 and 35167.
139
Calculate the highest common divisor of 3377136 and 1449.
483
Calculate the greatest common divisor of 814620 and 7860.
60
What is the greatest common factor of 23477160 and 182?
14
Calculate the highest common factor of 1867566 and 72414.
894
Calculate the greatest common divisor of 3811667846 and 1774.
1774
Calculate the highest common factor of 644 and 25446260.
28
What is the greatest common factor of 116496282 and 42?
42
Calculate the greatest common factor of 513 and 19448001.
171
What is the greatest common divisor of 1008 and 647996496?
336
What is the greatest common factor of 7041635 and 290?
145
What is the greatest common factor of 2771371232 and 124?
124
What is the highest common factor of 253743831 and 43668?
10917
Calculate the greatest common divisor of 11127380 and 5291.
407
What is the greatest common divisor of 25402982 and 1089?
121
Calculate the highest common factor of 4486326 and 55370.
226
What is the greatest common factor of 348446508 and 2364?
2364
Calculate the highest common divisor of 4590 and 7002895.
85
What is the highest common factor of 23 and 241688462?
23
What is the highest common divisor